 divided by 1/b*(8 + -1).
4
Let g(d) = -2*d - 2. Let a be g(-4). Suppose -2*x = -4*j - 13 + 35, 9 = -3*x. Let t = j + a. What is the remainder when 29 is divided by t?
9
Suppose 2*n - 190 = b, 9*n - 5*n - b = 380. What is the remainder when n is divided by 2 + -2 + 1 + 23?
23
Suppose -4*a + 75 = a. Suppose -25 = -k - 3*f, -k + f = -22 - a. What is the remainder when 66 is divided by k?
32
Let w(c) = c**2 + 5*c + 4. Let z be w(-3). Let f = 91 + -63. What is the remainder when f is divided by 3/(-6)*z - -9?
8
Suppose 8 + 12 = 4*o. Calculate the remainder when 19 is divided by o.
4
Let r(k) = -3*k + 26. Let t = -63 - -90. Calculate the remainder when t is divided by r(4).
13
Let h(w) = 2*w**3 + 3*w**2 - w + 1. Let m(s) = s + 17. What is the remainder when h(2) is divided by m(-7)?
7
Let l be 9/6*4/(-3). Let s = l - -8. Let m = -19 + 35. What is the remainder when m is divided by s?
4
Let j = -1 + 3. Suppose 2*s = n - 3, -n + 6*n - j*s - 47 = 0. Suppose 3*t + 9 = 0, 2*t + t + 1 = -2*z. Calculate the remainder when n is divided by z.
3
Suppose 3*g - 57 = 120. What is the remainder when g is divided by 15?
14
Suppose -75*w = -73*w - 30. What is the remainder when -116*(-1 - 2/(-4)) is divided by w?
13
Let f = 236 - 205. Let y = 202 + -111. What is the remainder when y is divided by f?
29
Suppose 3*p - 2*d - 11 = 0, 4*p + 2*d + 2 = -2. Let x be 0 - (0 - (9 - p)). Let u = x + 4. What is the remainder when 23 is divided by u?
11
Suppose 102 = 12*l - 150. Calculate the remainder when l is divided by 12.
9
Suppose -5*s + 24 = v, 4*s + 0*v - 12 = v. Suppose -s*a + 2*f + 38 = 0, 6 = 4*a + 4*f - 2. Calculate the remainder when 19 is divided by a.
5
Let x(s) be the second derivative of s**5/20 - s**4/4 + 2*s**3/3 + s**2/2 - 3*s. Calculate the remainder when 38 is divided by x(3).
12
Let z(p) = p**2 + 5*p + 11. Let n(o) = -7*o**3 - 2*o**2 + 3*o - 2. Let f be n(1). Calculate the remainder when z(f) is divided by 9.
8
Let n = 19 - 11. Let p(s) = -s**3 + 7*s**2 - s - 1. Let c be p(7). Let g = 14 - c. What is the remainder when g is divided by n?
6
Let p = 4 + -2. Calculate the remainder when (36/(6 - p))/1 is divided by 5.
4
Let c = 21 + 0. Suppose 2*l + 18 - 180 = 0. What is the remainder when l is divided by c?
18
Suppose 7*w - 804 = 491. Calculate the remainder when w is divided by 17.
15
Let i = 11 - 4. Let v = 12 - i. Suppose 2*c + 3*p - 8 = p, -3*c + 52 = -v*p. What is the remainder when 16 is divided by c?
7
Let z(r) = 2*r**2 - 15*r - 37. Suppose -21 = -q - 5*f, -3*q + 22 + 95 = -3*f. Calculate the remainder when q is divided by z(10).
10
Let r = 3 + -5. Let v(g) = -17*g + 1 - 13*g + 9*g + 0. What is the remainder when v(r) is divided by 11?
10
Let w be (-4)/(-5)*10/4. Suppose -5*p + w*p = -12, 5*d + 3*p = 32. What is the remainder when 11 is divided by d?
3
Calculate the remainder when 194*1*(-18)/(-36) is divided by 20.
17
Let d(f) = -6*f**3 + 4*f**2 - f + 2. Let g(r) = -r**2 - 1. Let n(m) = -d(m) - g(m). Suppose -68 + 16 = -4*w. Calculate the remainder when n(2) is divided by w.
11
What is the remainder when 88/15 + (-2)/(-15) is divided by 3?
0
Let f(k) = 4*k**2 - 9*k + 1. What is the remainder when f(4) is divided by (24 + -2)*(-2)/(-4)?
7
Suppose 5*q - m = -0*m - 14, 0 = -3*q + m - 8. Let a be (-2 + 17)*3/q. What is the remainder when (a/(-5))/(6/64) is divided by 17?
15
Suppose 17 = p + 1. Let d(v) = v - 18. Let z be d(12). Let t(i) = -i**3 - 5*i**2 + i. Calculate the remainder when t(z) is divided by p.
14
Calculate the remainder when (-1104)/(-78) + (-4)/26 is divided by 6.
2
Let n be -30 + -5 + (-3 - -5). Let o = n + 60. What is the remainder when o is divided by 14?
13
Let t = 9 + -2. Let a(y) = y**3 - 8*y**2 + 9*y - 9. What is the remainder when 12 is divided by a(t)?
2
Suppose -2*m + 5*l = -4*m + 65, 0 = -4*m - 5*l + 125. Suppose m = j + j. Let i(a) = -3*a**3 - 3*a - 1. Calculate the remainder when i(-2) is divided by j.
14
Calculate the remainder when 91 is divided by 1/((-184)/62 + 3).
29
Let o = 0 - -3. What is the remainder when 21 is divided by (o/6)/((-2)/(-24))?
3
Let l be (-2 + 2)*4/(-4). Let j(i) = -i**2 - i + 17. What is the remainder when j(l) is divided by 9?
8
Let b(l) = -26*l**3 - 2*l**2. What is the remainder when b(-2) is divided by 29?
26
Let t = -4 - -6. Suppose -t*l + 42 = -40. Calculate the remainder when l is divided by 14.
13
Let s(i) = -i**2 - 16*i + 37. Calculate the remainder when 3/12 - (-6)/8 is divided by s(-18).
0
Suppose -4*k = -5*o + 69, 3*o - 36 - 7 = 4*k. Suppose 0 = -4*l + 4*g + 204, -249 = -5*l + g - 2*g. Calculate the remainder when l is divided by o.
11
Let v = -42 - -51. Calculate the remainder when 26 is divided by v.
8
Let d be (0/1)/(1/1). Suppose g + 3 = 2*b - 2, d = 3*b - g - 6. What is the remainder when 17 is divided by ((-1)/3)/(b/(-27))?
8
Let u = -5 + 9. Calculate the remainder when 42/4 - 2/4 is divided by u.
2
Let t be 1 - 1 - (-9 - -4). Suppose -54 = -t*k + 61. What is the remainder when 68 is divided by k?
22
Suppose 6*v - 9 = v + x, -5 = -v - 3*x. Let r = 0 - 1. Let g = r - -4. Calculate the remainder when g is divided by v.
1
Let p = -17 - -11. Let x(u) = 2*u + 5. What is the remainder when x(7) is divided by (20/p)/(2/(-6))?
9
Let o = 50 + -35. What is the remainder when 24 is divided by o?
9
Calculate the remainder when (19/5)/((-7)/(-35)) is divided by 11.
8
Let g = -18 - -29. Suppose 100 = 2*d + 18. What is the remainder when d is divided by g?
8
Suppose 3*l + 5 = 14. Suppose a + 2*a = l*y - 30, 0 = y + a - 12. Calculate the remainder when 20 is divided by y.
9
Let a(i) = -i**2 + 9*i - 6. Calculate the remainder when a(7) is divided by 5.
3
Let t = 20 - 10. Calculate the remainder when 2/t - 1295/(-25) is divided by 18.
16
Suppose 2*q - b - 43 = 0, -5*b = 2*q - 93 + 32. What is the remainder when 67 is divided by q?
21
Let a(f) = -5*f + 10. Calculate the remainder when 78 is divided by a(-6).
38
Let c = 87 + 51. Suppose -c + 403 = 5*j. Calculate the remainder when j is divided by 28.
25
Let p(a) = -a**3 - 7*a**2 + 6*a - 1. Calculate the remainder when p(-8) is divided by (-10 - 0)*(-4)/5.
7
Calculate the remainder when -6*(-3)/9 - -16 is divided by 8.
2
Let n(j) = j**3 - 7*j**2 + 9*j + 7. What is the remainder when n(7) is divided by 18?
16
Let v be (1/2)/(5/20). Suppose -4 = v*d - 3*d. What is the remainder when 7 is divided by d?
3
Suppose -5 = -q + 4. Let p be 1095/q - (-2)/(-3). Let h = p + -66. What is the remainder when h is divided by 19?
17
Let h(i) be the first derivative of 7*i + 1/4*i**4 + 1 - 2*i**2 - 4/3*i**3. Calculate the remainder when 22 is divided by h(5).
10
Let r(m) = 8*m. Let n(c) = 73*c - 2. Calculate the remainder when n(1) is divided by r(3).
23
Let f be (-2)/4 + (-417)/(-6). What is the remainder when f/(6*3/12) is divided by 12?
10
Suppose -5*h - n = -205, -5*n + 0 = -h + 15. What is the remainder when 118 is divided by h?
38
What is the remainder when 1716/42 - (-2)/14 is divided by 21?
20
Let r = -59 + 92. Let c = 79 + -62. Calculate the remainder when r is divided by c.
16
Suppose -13*y = -18*y + 55. What is the remainder when 54 is divided by y?
10
Suppose 15 = 3*k - 2*d + 5, -5*d - 25 = 4*k. Suppose k = 5*q - 10*q - n + 76, 72 = 4*q - 2*n. Calculate the remainder when (-4)/(-2) + 0 - -28 is divided by q.
14
Suppose -3*v = -6 - 3. Let j = 42 + v. Calculate the remainder when j is divided by 12.
9
What is the remainder when (6 - 3 - 0) + 42 is divided by 12?
9
Suppose 3*z = 99 - 3. Calculate the remainder when z is divided by 11.
10
Let i(l) = l**2 - 7*l - 7. What is the remainder when 3 is divided by i(8)?
0
Suppose 131 - 1 = 5*z. Suppose 3*y - y = z. Suppose 24 = -0*a + a. Calculate the remainder when a is divided by y.
11
Suppose 0 = -5*n - 2*y + 29, y - 5 = -n + 2. Let t = n + -4. Calculate the remainder when t is divided by 1.
0
Suppose -2*v + 282 = o + 3*o, 3*o + 261 = 2*v. What is the remainder when v is divided by 34?
33
Let z = 4 + 0. Suppose -f + 4*b - 35 = -2*f, 80 = z*f - 4*b. Suppose 62 = 6*a + 14. Calculate the remainder when f is divided by a.
7
Let t(a) = 2*a**2 - 5*a**3 + a + 0*a**2 - 2 + 3*a**3. What is the remainder when 38 is divided by t(-2)?
18
Let n(b) = -1. Let p(s) = s**3 + 9*s**2 + 4*s - 12. Let m(h) = 5*n(h) - p(h). Calculate